{"id":48,"date":"2019-03-07T20:57:31","date_gmt":"2019-03-07T20:57:31","guid":{"rendered":"https:\/\/www.ao-uzwil.ch\/?page_id=48"},"modified":"2019-03-15T09:40:04","modified_gmt":"2019-03-15T09:40:04","slug":"musikalische-leitung","status":"publish","type":"page","link":"https:\/\/www.ao-uzwil.ch\/index.php\/musikalische-leitung\/","title":{"rendered":"Musikalische Leitung"},"content":{"rendered":"\n<div class=\"wp-block-image\"><figure class=\"alignleft\"><img decoding=\"async\" loading=\"lazy\" width=\"385\" height=\"547\" src=\"https:\/\/www.ao-uzwil.ch\/wp-content\/uploads\/2019\/03\/Bildschirmfoto-2019-02-07-um-08.24.35.png\" alt=\"\" class=\"wp-image-49\" srcset=\"https:\/\/www.ao-uzwil.ch\/wp-content\/uploads\/2019\/03\/Bildschirmfoto-2019-02-07-um-08.24.35.png 385w, https:\/\/www.ao-uzwil.ch\/wp-content\/uploads\/2019\/03\/Bildschirmfoto-2019-02-07-um-08.24.35-211x300.png 211w\" sizes=\"(max-width: 385px) 100vw, 385px\" \/><\/figure><\/div>\n\n\n\n<p>Bereits seit dem Jahr 1998 d\u00fcrfen wir Peter Stricker stolz als unsere musikalische Leitung nennen.<\/p>\n\n\n\n<p>Peter Stricker begann bereits im Alter von 5 Jahren mit dem Akkordeonspiel. Nach einer Ausbildung zum Pharmakaufmann begann Peter Stricker seine musikalische Ausbildung zum Akkordeon-Lehrer SALV (Schweizer Akkordeonlehrer-Verband). An der Musikakademie Z\u00fcrich absolvierte er das Studium zum Blasorchester-Dirigenten. Welches er mit Auszeichnung abschloss.<\/p>\n\n\n\n<p>Heute ist er Schulleiter der&nbsp;Schule f\u00fcr Musik in Wittenbach, Berg, Muolen und H\u00e4ggenschwil sowie der Talentschule Musik Wittenbach.<\/p>\n\n\n\n<p>Von 1997 bis 2013 war er Mitglied der Musikkommission von Akkordeon Schweiz und gleichzeitig im Vorstand des OAMV. Als Musikkommissions-Mitglied war er massgeblich f\u00fcr die Aus- und Weiterbildung von Experten zust\u00e4ndig. Ab&nbsp;2011 leitete er die Eidgen\u00f6ssischen Dirigentenkurse von Akkordeon Schweiz.<\/p>\n\n\n\n<p>Zurzeit leitet Stricker nebst dem Akkordeon-Orchester Uzwil, das Ostschweizer Regional Akkordeon-Orchester (ORO), das Akkordeon-Ensemble St. Gallen und das Salonorchester St. Gallen.<\/p>\n\n\n\n<p>Stricker ist regelm\u00e4ssiger Experte bei nationalen und internationalen Wettspielen und Komponist f\u00fcr Akkordeon- und Blasorchester. 2010 schloss er mit einem Konzert des Sinfonieorchester Lugansk seinen Meisterkurs im Dirigieren bei Maestro Liutaurus Balciunas (Dirigent Bolshoi-Theater Moskau) mit grossem Erfolg ab.<\/p>\n","protected":false},"excerpt":{"rendered":"<p>Bereits seit dem Jahr 1998 d\u00fcrfen wir Peter Stricker stolz als unsere musikalische Leitung nennen. Peter Stricker begann bereits im Alter von 5 Jahren mit dem Akkordeonspiel. Nach einer Ausbildung &#8230;<\/p>\n","protected":false},"author":2,"featured_media":0,"parent":0,"menu_order":0,"comment_status":"closed","ping_status":"closed","template":"","meta":[],"_links":{"self":[{"href":"https:\/\/www.ao-uzwil.ch\/index.php\/wp-json\/wp\/v2\/pages\/48"}],"collection":[{"href":"https:\/\/www.ao-uzwil.ch\/index.php\/wp-json\/wp\/v2\/pages"}],"about":[{"href":"https:\/\/www.ao-uzwil.ch\/index.php\/wp-json\/wp\/v2\/types\/page"}],"author":[{"embeddable":true,"href":"https:\/\/www.ao-uzwil.ch\/index.php\/wp-json\/wp\/v2\/users\/2"}],"replies":[{"embeddable":true,"href":"https:\/\/www.ao-uzwil.ch\/index.php\/wp-json\/wp\/v2\/comments?post=48"}],"version-history":[{"count":2,"href":"https:\/\/www.ao-uzwil.ch\/index.php\/wp-json\/wp\/v2\/pages\/48\/revisions"}],"predecessor-version":[{"id":349,"href":"https:\/\/www.ao-uzwil.ch\/index.php\/wp-json\/wp\/v2\/pages\/48\/revisions\/349"}],"wp:attachment":[{"href":"https:\/\/www.ao-uzwil.ch\/index.php\/wp-json\/wp\/v2\/media?parent=48"}],"curies":[{"name":"wp","href":"https:\/\/api.w.org\/{rel}","templated":true}]}}

<div class="wp-block-image"><figure class="alignleft"><img decoding="async" loading="lazy" width="385" height="547" src="https://www.ao-uzwil.ch/wp-content/uploads/2019/03/Bildschirmfoto-2019-02-07-um-08.24.35.png" alt="" class="wp-image-49" srcset="https://www.ao-uzwil.ch/wp-content/uploads/2019/03/Bildschirmfoto-2019-02-07-um-08.24.35.png 385w, https://www.ao-uzwil.ch/wp-content/uploads/2019/03/Bildschirmfoto-2019-02-07-um-08.24.35-211x300.png 211w" sizes="(max-width: 385px) 100vw, 385px" /></figure></div>



<p>Bereits seit dem Jahr 1998 dürfen wir Peter Stricker stolz als unsere musikalische Leitung nennen.</p>



<p>Peter Stricker begann bereits im Alter von 5 Jahren mit dem Akkordeonspiel. Nach einer Ausbildung zum Pharmakaufmann begann Peter Stricker seine musikalische Ausbildung zum Akkordeon-Lehrer SALV (Schweizer Akkordeonlehrer-Verband). An der Musikakademie Zürich absolvierte er das Studium zum Blasorchester-Dirigenten. Welches er mit Auszeichnung abschloss.</p>



<p>Heute ist er Schulleiter der&nbsp;Schule für Musik in Wittenbach, Berg, Muolen und Häggenschwil sowie der Talentschule Musik Wittenbach.</p>



<p>Von 1997 bis 2013 war er Mitglied der Musikkommission von Akkordeon Schweiz und gleichzeitig im Vorstand des OAMV. Als Musikkommissions-Mitglied war er massgeblich für die Aus- und Weiterbildung von Experten zuständig. Ab&nbsp;2011 leitete er die Eidgenössischen Dirigentenkurse von Akkordeon Schweiz.</p>



<p>Zurzeit leitet Stricker nebst dem Akkordeon-Orchester Uzwil, das Ostschweizer Regional Akkordeon-Orchester (ORO), das Akkordeon-Ensemble St. Gallen und das Salonorchester St. Gallen.</p>



<p>Stricker ist regelmässiger Experte bei nationalen und internationalen Wettspielen und Komponist für Akkordeon- und Blasorchester. 2010 schloss er mit einem Konzert des Sinfonieorchester Lugansk seinen Meisterkurs im Dirigieren bei Maestro Liutaurus Balciunas (Dirigent Bolshoi-Theater Moskau) mit grossem Erfolg ab.</p>

<p>Bereits seit dem Jahr 1998 dürfen wir Peter Stricker stolz als unsere musikalische Leitung nennen. Peter Stricker begann bereits im Alter von 5 Jahren mit dem Akkordeonspiel. Nach einer Ausbildung &#8230;</p>
