{"id":118,"date":"2019-03-07T21:49:08","date_gmt":"2019-03-07T21:49:08","guid":{"rendered":"https:\/\/www.ao-uzwil.ch\/?page_id=118"},"modified":"2024-02-26T12:13:59","modified_gmt":"2024-02-26T12:13:59","slug":"start","status":"publish","type":"page","link":"https:\/\/www.ao-uzwil.ch\/","title":{"rendered":"Start"},"content":{"rendered":"\n<h2 class=\"wp-block-heading\">Herzlich Willkommen!<\/h2>\n\n\n\n<figure class=\"wp-block-image\"><img decoding=\"async\" loading=\"lazy\" width=\"1024\" height=\"521\" src=\"https:\/\/www.ao-uzwil.ch\/wp-content\/uploads\/2019\/03\/20170930_Akkordeonorchester-Uzwil_0003_1-1024x521.jpg\" alt=\"\" class=\"wp-image-10\" srcset=\"https:\/\/www.ao-uzwil.ch\/wp-content\/uploads\/2019\/03\/20170930_Akkordeonorchester-Uzwil_0003_1-1024x521.jpg 1024w, https:\/\/www.ao-uzwil.ch\/wp-content\/uploads\/2019\/03\/20170930_Akkordeonorchester-Uzwil_0003_1-300x153.jpg 300w, https:\/\/www.ao-uzwil.ch\/wp-content\/uploads\/2019\/03\/20170930_Akkordeonorchester-Uzwil_0003_1-768x391.jpg 768w, https:\/\/www.ao-uzwil.ch\/wp-content\/uploads\/2019\/03\/20170930_Akkordeonorchester-Uzwil_0003_1.jpg 1280w\" sizes=\"(max-width: 1024px) 100vw, 1024px\" \/><\/figure>\n\n\n\n<p><strong><br>Wir freuen uns, dass Sie unsere Homepage gefunden haben!<\/strong><\/p>\n\n\n\n<p>Hier finden Sie alle Informationen \u00fcber unser Orchester. Z\u00f6gern Sie nicht, uns bei Fragen zu kontaktieren. Wir freuen uns, von Ihnen zu h\u00f6ren!<\/p>\n\n\n\n<p>Jeden Mittwochabend von 20.00 Uhr bis 21.45 Uhr proben wir in der Mehrzweckhalle Breiti in Oberuzwil.<\/p>\n\n\n\n<p>Wir sind immer auf der Suche nach neuen Mitspielern. Falls wir Ihr Interesse geweckt haben, melden Sie sich bei uns.&nbsp;<br><\/p>\n","protected":false},"excerpt":{"rendered":"<p>Herzlich Willkommen! Wir freuen uns, dass Sie unsere Homepage gefunden haben! Hier finden Sie alle Informationen \u00fcber unser Orchester. Z\u00f6gern Sie nicht, uns bei Fragen zu kontaktieren. Wir freuen uns, &#8230;<\/p>\n","protected":false},"author":2,"featured_media":0,"parent":0,"menu_order":0,"comment_status":"closed","ping_status":"closed","template":"","meta":[],"_links":{"self":[{"href":"https:\/\/www.ao-uzwil.ch\/index.php\/wp-json\/wp\/v2\/pages\/118"}],"collection":[{"href":"https:\/\/www.ao-uzwil.ch\/index.php\/wp-json\/wp\/v2\/pages"}],"about":[{"href":"https:\/\/www.ao-uzwil.ch\/index.php\/wp-json\/wp\/v2\/types\/page"}],"author":[{"embeddable":true,"href":"https:\/\/www.ao-uzwil.ch\/index.php\/wp-json\/wp\/v2\/users\/2"}],"replies":[{"embeddable":true,"href":"https:\/\/www.ao-uzwil.ch\/index.php\/wp-json\/wp\/v2\/comments?post=118"}],"version-history":[{"count":5,"href":"https:\/\/www.ao-uzwil.ch\/index.php\/wp-json\/wp\/v2\/pages\/118\/revisions"}],"predecessor-version":[{"id":615,"href":"https:\/\/www.ao-uzwil.ch\/index.php\/wp-json\/wp\/v2\/pages\/118\/revisions\/615"}],"wp:attachment":[{"href":"https:\/\/www.ao-uzwil.ch\/index.php\/wp-json\/wp\/v2\/media?parent=118"}],"curies":[{"name":"wp","href":"https:\/\/api.w.org\/{rel}","templated":true}]}}